{"id":12011,"date":"2024-10-22T13:40:52","date_gmt":"2024-10-22T11:40:52","guid":{"rendered":"http:\/\/lambassa.de\/?page_id=12011"},"modified":"2024-12-12T22:08:58","modified_gmt":"2024-12-12T20:08:58","slug":"statuts-de-lassociation","status":"publish","type":"page","link":"http:\/\/lambassa.de\/?page_id=12011","title":{"rendered":"Statuts de l&rsquo;association"},"content":{"rendered":"<h1>Article 1 \u2013 Constitution<\/h1>\n<p>Une association r\u00e9gie par la loi du 1er juillet 1901 modifi\u00e9e, le d\u00e9cret du 16 ao\u00fbt 1901 modifi\u00e9 et autres textes d&rsquo;application, est fond\u00e9e entre les personnes adh\u00e9rant aux pr\u00e9sents statuts et celles qui y adh\u00e9reront ult\u00e9rieurement.<\/p>\n<h1>Article 2 \u2013 D\u00e9nomination<\/h1>\n<p>Cette association a pour nom \u00ab L&rsquo;Ambassade \u00bb.<\/p>\n<h1>Article 3 \u2013 Objet<\/h1>\n<p>Cette association a pour objet de favoriser les \u00e9changes et les rencontres pour lutter contre<\/p>\n<ul>\n<li>toutes les formes de solitude, de pr\u00e9carit\u00e9 sociale et d&rsquo;exclusion.<\/li>\n<li>l\u2019errance coll\u00e9gienne, lyc\u00e9enne et \u00e9tudiante.<\/li>\n<\/ul>\n<h1>Article 4 \u2013 Moyens<\/h1>\n<p>Afin de r\u00e9aliser cet objet, l&rsquo;association pourra notamment offrir :<\/p>\n<ul>\n<li>Un lieu ouvert o\u00f9 toute personne sera accueillie sans aucune discrimination de race, de couleur, de religion, de statut social, d&rsquo;orientation sexuelle ou de quelque autre crit\u00e8re que ce soit.<\/li>\n<li>Et tout autre moyen dans l\u2019esprit de l\u2019association.<\/li>\n<\/ul>\n<h1>Article 5 \u2013 Si\u00e8ge social<\/h1>\n<p>Le si\u00e8ge social est fix\u00e9 \u00e0 Valence (26000), 5 rue Chevandier.<br \/>\nIl peut \u00eatre transf\u00e9r\u00e9 en tout autre lieu par simple d\u00e9cision du conseil d&rsquo;administration.<\/p>\n<h1>Article 6 \u2013 Dur\u00e9e<\/h1>\n<p>La dur\u00e9e de l\u2019association est illimit\u00e9e.<\/p>\n<h1>Article 7 \u2013 Membres<\/h1>\n<p>L\u2019association est ouverte \u00e0 toute personne physique ou morale.<br \/>\nElle est compos\u00e9e de deux coll\u00e8ges :<\/p>\n<ul>\n<li>Coll\u00e8ge des membres \u00ab responsables \u00bb :<br \/>\nIl est compos\u00e9 \u00e0 la cr\u00e9ation de l&rsquo;association des membres fondateurs. Ces membres sont responsables de garder la marche de l&rsquo;association conforme aux objectifs de ces pr\u00e9sents statuts. Les membres fondateurs sont membres de droit du conseil d&rsquo;administration.<\/li>\n<\/ul>\n<p>Les membres du coll\u00e8ge des membres \u00ab responsables \u00bb pourront coopter des membres du coll\u00e8ge des membres \u00ab sympathisants \u00bb en leur sein.<\/p>\n<ul>\n<li>Coll\u00e8ge des membres \u201csympathisants\u201d :<br \/>\nLes membres de ce coll\u00e8ge peuvent \u00eatre des :<\/p>\n<ul>\n<li>Membres adh\u00e9rents :<br \/>\nLes membres adh\u00e9rents sont les personnes qui s&rsquo;engagent \u00e0 participer r\u00e9guli\u00e8rement au fonctionnement et aux activit\u00e9s de l&rsquo;association et qui acceptent les pr\u00e9sents statuts, le r\u00e8glement int\u00e9rieur et qui versent le montant de la cotisation, fix\u00e9 annuellement par l\u2019assembl\u00e9e g\u00e9n\u00e9rale ordinaire.<\/li>\n<li>Membres bienfaiteurs :<br \/>\nLes membres bienfaiteurs sont les personnes qui apportent un soutien financier cons\u00e9quent \u00e0 l\u2019association en dehors de la cotisation annuelle ou qui rendent des services \u00e0 l&rsquo;association. Ils sont signal\u00e9s \u00e0 l&rsquo;association sur proposition du conseil d&rsquo;administration.<\/li>\n<\/ul>\n<\/li>\n<\/ul>\n<p>Hormis les cas vis\u00e9s \u00e0 l&rsquo;article 8, tout membre est adh\u00e9rent pour la dur\u00e9e de l&rsquo;association.<br \/>\nLes membres des deux coll\u00e8ges ont le droit de voter aux assembl\u00e9es g\u00e9n\u00e9rales dans les conditions fix\u00e9es \u00e0 l&rsquo;article 16 des pr\u00e9sents statuts. Seuls les membres du coll\u00e8ge des membres responsables sont \u00e9ligibles.<\/p>\n<h1>Article 8 \u2013 Admission, d\u00e9mission, radiation<\/h1>\n<p>Admission<br \/>\nL&rsquo;admission de tout nouveau membre est subordonn\u00e9e au respect des conditions pr\u00e9cis\u00e9es, pour chaque cat\u00e9gorie, \u00e0 l&rsquo;article 7 des statuts.<br \/>\nA l&rsquo;exception des membres fondateurs tout nouveau membre doit \u00eatre agr\u00e9\u00e9 par le conseil d\u2019administration. Les demandes d&rsquo;admission doivent \u00eatre formul\u00e9es par \u00e9crit au pr\u00e9sident du conseil d\u2019administration.<br \/>\nLe refus d&rsquo;agr\u00e9ment n&rsquo;a pas \u00e0 \u00eatre motiv\u00e9.<br \/>\nD\u00e9mission, radiation<br \/>\nLa qualit\u00e9 de membre se perd par :<\/p>\n<ul>\n<li>d\u00e9mission adress\u00e9e par lettre au conseil d&rsquo;administration de l&rsquo;association, laquelle d\u00e9mission est effective d\u00e8s r\u00e9ception de la lettre.<\/li>\n<li>radiation pour d\u00e9faut de paiement de la cotisation pendant trois ann\u00e9es cons\u00e9cutives.<\/li>\n<li>exclusion prononc\u00e9e par le conseil d&rsquo;administration pour faute grave (infraction aux pr\u00e9sents statuts ou au r\u00e8glement int\u00e9rieur, ou tout autre motif grave portant pr\u00e9judice moral ou mat\u00e9riel \u00e0 l\u2019association). Le membre int\u00e9ress\u00e9 aura \u00e9t\u00e9 pr\u00e9alablement invit\u00e9 \u00e0 pr\u00e9senter sa d\u00e9fense.<\/li>\n<li>d\u00e9c\u00e8s.<\/li>\n<li>suspension : S&rsquo;il le juge opportun, le conseil d\u2019administration peut, au lieu de l&rsquo;exclusion, prononcer la suspension temporaire du membre, dans les conditions expos\u00e9es au paragraphe \u00ab exclusion \u00bb ci-dessus.<br \/>\nCette d\u00e9cision prive, pendant toute sa dur\u00e9e, le membre suspendu du droit de participer, de quelque mani\u00e8re que ce soit, \u00e0 la vie de l&rsquo;association.<\/li>\n<\/ul>\n<h1>Article 9 \u2013 Cotisation et ressources<\/h1>\n<p>Les ressources de l\u2019association comprennent :<\/p>\n<ul>\n<li>Les cotisations dont le montant est fix\u00e9 chaque ann\u00e9e par l&rsquo;assembl\u00e9e g\u00e9n\u00e9rale sur proposition du conseil d&rsquo;administration.<\/li>\n<li>Les dons manuels.<\/li>\n<li>Les participations financi\u00e8res de soutien.<\/li>\n<li>La location et\/ou la vente de produits d\u00e9finis dans le r\u00e8glement int\u00e9rieur.<\/li>\n<li>Toute forme de ressources conforme aux lois et r\u00e8glements et contribuant au d\u00e9veloppement des buts de l&rsquo;association.<\/li>\n<\/ul>\n<h1>Article 10 \u2013 Conseil d&rsquo;Administration (CA)<\/h1>\n<ol>\n<li>La direction de l\u2019association est exerc\u00e9e par le conseil d&rsquo;administration compos\u00e9 de douze membres au plus et de six membres au moins pris exclusivement parmi les membres fondateurs et les membres adh\u00e9rents.<br \/>\nSont membres de droit du conseil d&rsquo;administration les membres fondateurs lesquels sont d\u00e9sign\u00e9s par l&rsquo;assembl\u00e9e g\u00e9n\u00e9rale constitutive.<\/li>\n<li>Les membres fondateurs du conseil sont remplac\u00e9s par cooptation de leurs pairs (membres fondateurs).<br \/>\nTout membre du conseil d&rsquo;administration peut d\u00e9cider de le quitter librement et \u00e0 tout moment.<\/li>\n<li>Le mandat de membre du conseil d&rsquo;administration prend fin par la d\u00e9mission ou la perte de qualit\u00e9 de membre de l&rsquo;association.<\/li>\n<li>Le conseil d&rsquo;administration peut prononcer une mesure d\u2019exclusion en cas de faute grave d\u2019un de ses membres.<\/li>\n<li>Les fonctions de membre du conseil d&rsquo;administration ne sont pas r\u00e9mun\u00e9r\u00e9es.<\/li>\n<li>Les membres \u00e9lus du conseil sont \u00e9lus pour un mandat de trois ans.<\/li>\n<\/ol>\n<h1>Article 11 \u2013 R\u00e9unions et d\u00e9lib\u00e9rations du Conseil d&rsquo;Administration<\/h1>\n<ol>\n<li>Le conseil d&rsquo;administration se r\u00e9unit au si\u00e8ge de l&rsquo;association ou en tout autre lieu, indiqu\u00e9 sur la convocation, autant de fois que n\u00e9cessaire, et au moins deux fois par an.<\/li>\n<li>Tous ses membres devront \u00eatre convoqu\u00e9s.<\/li>\n<li>Il est convoqu\u00e9 par un des membre du bureau.<\/li>\n<li>Les d\u00e9cisions sont prises \u00e0 la majorit\u00e9 qualifi\u00e9e des deux tiers des membres pr\u00e9sents.<\/li>\n<\/ol>\n<h1>Article 12 \u2013 Pouvoir du Conseil d&rsquo;Administration<\/h1>\n<p>Le conseil d&rsquo;administration est investi des pouvoirs les plus \u00e9tendus pour administrer l&rsquo;association dans les limites de son objet.<\/p>\n<ol>\n<li>Il prend notamment toutes les d\u00e9cisions relatives \u00e0 la gestion et \u00e0 la conservation du patrimoine de l&rsquo;association et en particulier celles relatives \u00e0 l&#8217;emploi des fonds, \u00e0 la prise \u00e0 bail des locaux n\u00e9cessaires \u00e0 la r\u00e9alisation de son objet et celles concernant la gestion du personnel. Il arr\u00eate les comptes chaque ann\u00e9e.<\/li>\n<li>Le conseil d&rsquo;administration d\u00e9finit les principales orientations de l&rsquo;association.<\/li>\n<li>Il arr\u00eate le budget et les comptes annuels de l\u2019association qui seront soumis aux assembl\u00e9es g\u00e9n\u00e9rales.<\/li>\n<\/ol>\n<h1>Article 13 \u2013 Responsabilit\u00e9 des membres de l&rsquo;association et des membres du conseil d&rsquo;administration<\/h1>\n<p>Le patrimoine de l&rsquo;association r\u00e9pond seul des engagements contract\u00e9s en son nom, sans qu&rsquo;aucun des membres de l&rsquo;association ou du conseil d\u2019administration ne puisse \u00eatre tenu personnellement responsable de ces engagements, sous r\u00e9serve de l&rsquo;application \u00e9ventuelle des dispositions l\u00e9gislatives relatives aux proc\u00e9dures collectives on en cas de fautes graves constitutives d\u2019une infraction p\u00e9nale.<\/p>\n<h1>Article 14 \u2013 Bureau<\/h1>\n<p>Le Conseil d\u2019administration \u00e9lit parmi ses membres :<\/p>\n<ul>\n<li>un pr\u00e9sident,<\/li>\n<li>un vice-pr\u00e9sident, s&rsquo;il y a lieu<\/li>\n<li>un secr\u00e9taire,<\/li>\n<li>un tr\u00e9sorier,<\/li>\n<\/ul>\n<p>qui forment le bureau.<br \/>\nLe cas \u00e9ch\u00e9ant, des adjoints peuvent assister le secr\u00e9taire et le tr\u00e9sorier.<br \/>\nLes membres du Bureau sont \u00e9lus pour trois ans et sont imm\u00e9diatement r\u00e9\u00e9ligibles.<\/p>\n<h1>Article 15 \u2013 Attributions du Bureau et de ses membres<\/h1>\n<ol>\n<li>Le Bureau assure la gestion courante de l&rsquo;association et l&rsquo;ex\u00e9cution des d\u00e9cisions du Conseil d&rsquo;administration.<br \/>\nIl se r\u00e9unit sur convocation du pr\u00e9sident, aussi souvent que l&rsquo;int\u00e9r\u00eat de l&rsquo;association l&rsquo;exige.<br \/>\nLe pr\u00e9sident, le vice-pr\u00e9sident et le secr\u00e9taire sont \u00e9galement respectivement pr\u00e9sident, vice-pr\u00e9sident et secr\u00e9taire de l&rsquo;assembl\u00e9e g\u00e9n\u00e9rale.<\/li>\n<li>Le pr\u00e9sident repr\u00e9sente seul l&rsquo;association dans tous les actes de la vie civile et est investi de tous pouvoirs \u00e0 cet effet.<br \/>\nIl a qualit\u00e9 pour agir en justice au nom de l&rsquo;association tant en demande qu\u2019en d\u00e9fense.<br \/>\nAvec l&rsquo;autorisation pr\u00e9alable du conseil d&rsquo;administration, le pr\u00e9sident peut d\u00e9l\u00e9guer partiellement ses pouvoirs, sous sa responsabilit\u00e9, \u00e0 un ou plusieurs mandataires de son choix, membres ou non du conseil d&rsquo;administration, y compris pour agir en justice au nom de l&rsquo;association.<\/li>\n<li>Le vice-pr\u00e9sident assiste le pr\u00e9sident dans l&rsquo;exercice de ses fonctions et le remplace en cas d&#8217;emp\u00eachement.<\/li>\n<li>Le secr\u00e9taire est charg\u00e9 des convocations. Il \u00e9tablit ou fait \u00e9tablir les proc\u00e8s-verbaux des r\u00e9unions du Bureau, du conseil d&rsquo;administration et de l&rsquo;assembl\u00e9e g\u00e9n\u00e9rale. Il tient le registre pr\u00e9vu par l&rsquo;article 5 de la loi du 1er juillet 1901.<\/li>\n<li>Le tr\u00e9sorier \u00e9tablit ou fait \u00e9tablir, sous sa responsabilit\u00e9, les comptes de l&rsquo;association. Il est charg\u00e9 de l&rsquo;appel des cotisations. Il proc\u00e8de, sous le contr\u00f4le du pr\u00e9sident, au paiement et \u00e0 la r\u00e9ception de toutes sommes.<br \/>\nIl \u00e9tablit enfin le rapport financier pr\u00e9sent\u00e9 \u00e0 l&rsquo;assembl\u00e9e g\u00e9n\u00e9rale annuelle.<\/li>\n<li>Les fonctions de membre du Bureau ne sont pas r\u00e9mun\u00e9r\u00e9es. Toutefois, les frais occasionn\u00e9s par l\u2019accomplissement de t\u00e2ches li\u00e9es \u00e0 l\u2019association, apr\u00e8s accord pr\u00e9alable du conseil d\u2019administration, peuvent \u00eatre rembours\u00e9s sur justificatif.<\/li>\n<\/ol>\n<h1>Article 16 \u2013 Assembl\u00e9es g\u00e9n\u00e9rales ordinaires<\/h1>\n<ol>\n<li>Convocation :\n<ul>\n<li>L&rsquo;assembl\u00e9e g\u00e9n\u00e9rale comprend tous les membres.<\/li>\n<li>Elle se r\u00e9unit au moins une fois par an, dans les six mois de la cl\u00f4ture de l\u2019exercice au si\u00e8ge de l&rsquo;association ou en tout autre lieu indiqu\u00e9 dans la convocation.<\/li>\n<li>Les assembl\u00e9es sont convoqu\u00e9es \u00e0 l\u2019initiative du Conseil d\u2019administration.<\/li>\n<li>La convocation est effectu\u00e9e par lettre simple ou par courriel, contenant l\u2019ordre du jour arr\u00eat\u00e9 par le Conseil d\u2019administration et adress\u00e9e \u00e0 chaque membre de l\u2019association un mois avant l\u2019assembl\u00e9e g\u00e9n\u00e9rale.<\/li>\n<\/ul>\n<\/li>\n<li>Contenu :\n<ul>\n<li>Le bureau de l&rsquo;assembl\u00e9e g\u00e9n\u00e9rale est celui du conseil.<\/li>\n<li>Le Pr\u00e9sident pr\u00e9side, expose la situation morale de l&rsquo;association et rend compte de l&rsquo;activit\u00e9 de l&rsquo;association.<\/li>\n<li>Le tr\u00e9sorier rend compte de sa gestion et soumet le bilan \u00e0 l&rsquo;approbation de l&rsquo;assembl\u00e9e g\u00e9n\u00e9rale. L\u2019assembl\u00e9e g\u00e9n\u00e9rale ordinaire approuve ou redresse les comptes.<\/li>\n<li>S&rsquo;il y a lieu, l&rsquo;assembl\u00e9e g\u00e9n\u00e9rale entend \u00e9galement le rapport du Commissaire aux comptes.<\/li>\n<\/ul>\n<\/li>\n<li>D\u00e9lib\u00e9rations :\n<ul>\n<li>L&rsquo;ordre du jour est r\u00e9gl\u00e9 par le conseil d&rsquo;administration. Il contiendra en autre la situation morale et financi\u00e8re de l&rsquo;association.<\/li>\n<li>Elle approuve les comptes de l&rsquo;exercice clos, vote le budget de l&rsquo;exercice suivant.<\/li>\n<li>L\u2019assembl\u00e9e ne peut d\u00e9lib\u00e9rer que sur les questions inscrites \u00e0 l\u2019ordre du jour.<\/li>\n<\/ul>\n<\/li>\n<li>D\u00e9cisions :\n<ul>\n<li>Les d\u00e9cisions en assembl\u00e9e g\u00e9n\u00e9rale sont prises \u00e0 main lev\u00e9e.<br \/>\nIl sera secret :<\/p>\n<ul>\n<li>Sur la demande du conseil d&rsquo;administration.<\/li>\n<li>Sur la demande du quart des membres pr\u00e9sents.<\/li>\n<li>Lorsque le vote concerne des personnes.<\/li>\n<\/ul>\n<\/li>\n<li>Les d\u00e9cisions sont prises \u00e0 la double majorit\u00e9 et ne seront adopt\u00e9es que si elles obtiennent simultan\u00e9ment la majorit\u00e9 absolue :\n<ul>\n<li>d&rsquo;une part, des membres pr\u00e9sents ou repr\u00e9sent\u00e9s des deux coll\u00e8ges confondus<\/li>\n<li>et d&rsquo;autre part de celle des membres pr\u00e9sents et repr\u00e9sent\u00e9s du coll\u00e8ge des membres responsables.<\/li>\n<\/ul>\n<\/li>\n<li>Les d\u00e9cisions sont prises valablement quel que soit le nombre de membres pr\u00e9sents et repr\u00e9sent\u00e9s.<\/li>\n<\/ul>\n<\/li>\n<\/ol>\n<h1>Article 17 \u2013 Assembl\u00e9es g\u00e9n\u00e9rales extraordinaires<\/h1>\n<ol>\n<li>L\u2019assembl\u00e9e g\u00e9n\u00e9rale extraordinaire est seule comp\u00e9tente pour modifier les statuts, prononcer la dissolution de l\u2019association et statuer sur la d\u00e9volution de ses biens, d\u00e9cider de sa fusion avec d\u2019autres associations ou sa transformation.<br \/>\nEn cas de dissolution, et si apr\u00e8s acquittement de toute dette il reste quelque bien un actif, celui-ci sera attribu\u00e9 \u00e0 une ou plusieurs \u0153uvres poursuivant un but similaire \u00e0 celui de l&rsquo;association.<br \/>\nLe choix de la ou des \u0153uvres sera fait par l\u2019assembl\u00e9e g\u00e9n\u00e9rale extraordinaire.<\/li>\n<li>Les d\u00e9cisions de l\u2019assembl\u00e9e g\u00e9n\u00e9rale extraordinaire suivent les m\u00eames r\u00e8gles que celles de l&rsquo;assembl\u00e9e g\u00e9n\u00e9rales ordinaires telle qu&rsquo;explicit\u00e9 dans l&rsquo;article 16.4.<\/li>\n<\/ol>\n<h1>Article 18 \u2013 R\u00e8glement int\u00e9rieur<\/h1>\n<p>Le Conseil d\u2019administration peut \u00e9tablir un r\u00e8glement int\u00e9rieur ayant pour objet de pr\u00e9ciser et compl\u00e9ter les r\u00e8gles de fonctionnement de l\u2019association.<\/p>\n<h1>Article 19 \u2013 Commissaires aux comptes<\/h1>\n<p>Le Conseil d\u2019administration devra nommer un Commissaire aux comptes titulaire et un Commissaire aux comptes suppl\u00e9ant lorsque ses recettes ouvrant droit \u00e0 un avantage fiscal d\u00e9passeront un montant fix\u00e9 par d\u00e9cret.<br \/>\nLe Commissaire aux comptes titulaire exerce sa mission de contr\u00f4le dans les conditions pr\u00e9vues par les normes et r\u00e8gles de sa profession.<\/p>\n<h1>Article 20 \u2013 Dissolution<\/h1>\n<p>En cas de dissolution de l\u2019association pour quelque cause que ce soit, l\u2019assembl\u00e9e g\u00e9n\u00e9rale extraordinaire d\u00e9signe un ou plusieurs liquidateurs charg\u00e9s des op\u00e9rations de liquidation.<br \/>\nLors de la cl\u00f4ture de liquidation, l\u2019assembl\u00e9e g\u00e9n\u00e9rale extraordinaire se prononce sur la d\u00e9volution de l\u2019actif net.<\/p>\n<h1>Article 21 \u2013 Formalit\u00e9s<\/h1>\n<p>Le Conseil d\u2019Administration peut donner mandat expr\u00e8s \u00e0 toute personne de son choix pour accomplir les formalit\u00e9s de d\u00e9clarations et de publications pr\u00e9vues par la loi du 1er juillet 1901 et par le d\u00e9cret du 16 ao\u00fbt 1901.<br \/>\nLes pr\u00e9sents statuts ont \u00e9t\u00e9 approuv\u00e9s lors de l\u2019assembl\u00e9e g\u00e9n\u00e9rale constitutive le 18 d\u00e9cembre 2014.<\/p>\n","protected":false},"excerpt":{"rendered":"<p>Article 1 \u2013 Constitution Une association r\u00e9gie par la loi du 1er juillet 1901 modifi\u00e9e, le d\u00e9cret du 16 ao\u00fbt 1901 modifi\u00e9 et autres textes d&rsquo;application, est fond\u00e9e entre les personnes adh\u00e9rant aux pr\u00e9sents statuts et celles qui y adh\u00e9reront ult\u00e9rieurement. Article 2 \u2013 D\u00e9nomination Cette association a pour nom \u00ab L&rsquo;Ambassade \u00bb. Article 3  [&#8230;]<\/p>\n","protected":false},"author":2,"featured_media":0,"parent":0,"menu_order":0,"comment_status":"closed","ping_status":"closed","template":"","meta":{"footnotes":""},"class_list":["post-12011","page","type-page","status-publish","hentry"],"_links":{"self":[{"href":"http:\/\/lambassa.de\/index.php?rest_route=\/wp\/v2\/pages\/12011","targetHints":{"allow":["GET"]}}],"collection":[{"href":"http:\/\/lambassa.de\/index.php?rest_route=\/wp\/v2\/pages"}],"about":[{"href":"http:\/\/lambassa.de\/index.php?rest_route=\/wp\/v2\/types\/page"}],"author":[{"embeddable":true,"href":"http:\/\/lambassa.de\/index.php?rest_route=\/wp\/v2\/users\/2"}],"replies":[{"embeddable":true,"href":"http:\/\/lambassa.de\/index.php?rest_route=%2Fwp%2Fv2%2Fcomments&post=12011"}],"version-history":[{"count":3,"href":"http:\/\/lambassa.de\/index.php?rest_route=\/wp\/v2\/pages\/12011\/revisions"}],"predecessor-version":[{"id":12014,"href":"http:\/\/lambassa.de\/index.php?rest_route=\/wp\/v2\/pages\/12011\/revisions\/12014"}],"wp:attachment":[{"href":"http:\/\/lambassa.de\/index.php?rest_route=%2Fwp%2Fv2%2Fmedia&parent=12011"}],"curies":[{"name":"wp","href":"https:\/\/api.w.org\/{rel}","templated":true}]}}